 h(a) = -18054*a + 162055. Give h(9).
-431
Let f(i) = 2*i**2 + 326*i - 19940. Calculate f(-210).
-200
Let w(j) = -268*j**3 - 105*j**2 - 8*j - 5. Give w(-1).
166
Let h(z) = 15*z**2 - 761*z + 561. Calculate h(51).
765
Let f(q) = 1753*q + 31524. Determine f(-18).
-30
Let r(d) = 3*d**3 + 1024*d**2 - 801*d - 39975. What is r(-342)?
39
Let o(n) = 2*n**3 + 25*n**2 + 1688*n + 19960. Calculate o(-12).
-152
Let w(x) = 11*x**3 - 661*x**2 + 671*x - 11. Calculate w(1).
10
Let w(h) = 4*h**3 - 30*h**2 - 207*h + 1550. What is w(7)?
3
Let q(f) = -2*f**2 + 1132*f + 48669. Give q(-40).
189
Let y(u) = -3*u**3 + 168*u**2 - 206*u + 1425. What is y(55)?
-830
Let w(t) = -3*t**3 + 138*t**2 - 1181*t - 6613. Give w(31).
21
Let j(y) = 2*y**2 + 15*y - 2233. Give j(42).
1925
Let j(t) = -6*t**3 - 4*t**2 - 433*t + 2556. Give j(6).
-1482
Let g(w) = 19*w**2 + 19601*w - 98037. Determine g(5).
443
Let l(d) = d**3 + 53*d**2 - 120*d - 527. What is l(-55)?
23
Let c(k) = 206*k - 24616. Determine c(119).
-102
Let y(a) = -a**3 + 4*a**2 - 13*a - 9. Give y(2).
-27
Let f(q) = -289*q**2 - 553*q + 1110. What is f(2)?
-1152
Let n(w) = -w**3 + 60*w**2 + 240*w - 3143. Calculate n(63).
70
Let i(k) = k**2 + 72287*k - 433743. What is i(6)?
15
Let g(u) = 2700*u - 1889966. Give g(700).
34
Let f(z) = -78082*z - 546584. Determine f(-7).
-10
Let d(p) = -623*p**2 - 6216*p + 132. Calculate d(-10).
-8
Let k(v) = -v**2 + 47*v + 1602. What is k(85)?
-1628
Let x(k) = 114004*k + 227966. Calculate x(-2).
-42
Let v(c) = -2*c**2 + 99*c + 390. Calculate v(29).
1579
Let v(d) = -2*d**2 + 2158*d - 152365. Determine v(76).
91
Let u(a) = 19*a**2 - 3394*a + 150714. Give u(96).
-6
Let a(w) = 2*w**2 - 1244*w + 182729. Give a(384).
-55
Let p(l) = -l**2 - 3565*l + 75250. Give p(21).
-56
Let i(y) = 1991*y - 45189. Determine i(23).
604
Let h(x) = -5288*x - 74627. Give h(-14).
-595
Let n(f) = -22*f**2 + 172*f - 15. Give n(6).
225
Let s(w) = 811*w - 216555. What is s(267)?
-18
Let x(v) = 2*v**3 + 167*v**2 + 241*v - 430. What is x(-82)?
-20
Let b(c) = -22270*c - 1002140. Calculate b(-45).
10
Let k(s) = s**2 - 455*s + 10098. Give k(23).
162
Let f(s) = 15*s**3 - 151*s**2 + 7*s + 15. What is f(10)?
-15
Let q(l) = -2*l**2 + 19*l + 298. Calculate q(-9).
-35
Let o(v) = -20*v**3 + 11*v**2 + 33*v - 148. Give o(4).
-1120
Let u(b) = 13877*b + 13490. Give u(-1).
-387
Let m(y) = -y**3 + 3*y**2 + 56*y + 891. Determine m(13).
-71
Let n(v) = -4*v**3 - 68*v**2 - 15*v + 74. Calculate n(-14).
-2068
Let m(s) = 9451*s - 122865. Determine m(13).
-2
Let y(w) = -4*w**2 + 319*w - 4430. Give y(18).
16
Let v(q) = -207*q + 449. Determine v(2).
35
Let d(c) = 2*c**3 + 146*c**2 + 411*c - 703. Calculate d(-70).
-73
Let i(l) = -l**2 + 5052*l - 195512. Calculate i(39).
-5
Let y(i) = -1891*i - 28193. Determine y(-14).
-1719
Let x(c) = -16*c**3 - 73*c**2 + 169*c - 24. Calculate x(-6).
-210
Let u(z) = -31*z**3 - 2202*z**2 - 84*z - 951. Determine u(-71).
-28
Let o(f) = -f**2 + 2570*f - 51110. What is o(20)?
-110
Let h(r) = 13*r**2 + 3261*r - 437. Determine h(-251).
65
Let x(k) = 180*k**2 + 10615*k - 296. Determine x(-59).
-1
Let g(w) = -2*w**3 - 1597*w**2 + 2406*w + 4713. Calculate g(-800).
-87
Let u(a) = -473*a**2 - 328*a - 857. Calculate u(-3).
-4130
Let p(w) = -8*w**2 + 185*w - 885. Give p(7).
18
Let h(p) = p**2 + 183*p - 17955. Give h(-252).
-567
Let l(y) = y**3 - 40*y**2 + 245*y - 5. Determine l(8).
-93
Let u(t) = 3914*t - 16867. Give u(4).
-1211
Let s(t) = -t**3 + 25*t**2 - 44*t - 51. What is s(25)?
-1151
Let s(x) = 7*x**2 - 165*x + 314. What is s(30)?
1664
Let u(w) = -w**2 + 87*w - 1194. Determine u(82).
-784
Let z(w) = 89*w - 31730. Give z(355).
-135
Let z(a) = 405*a**2 - 1541*a - 7. Give z(4).
309
Let d(m) = 5*m**3 + 62*m**2 - 57*m - 32. What is d(-13)?
202
Let q(h) = 2*h**3 - 419*h**2 - 2810*h + 635. Calculate q(216).
203
Let v(f) = -f**3 + 144*f**2 - 817*f + 96385. Give v(143).
3
Let u(y) = -631*y**2 - 17033*y - 25. Determine u(-27).
-133
Let z(p) = -526*p + 57928. What is z(110)?
68
Let j(y) = -85221*y + 426103. Calculate j(5).
-2
Let x(c) = -104*c**2 - 3706*c - 30216. What is x(-23)?
6
Let b(o) = o**3 - 14*o**2 - 895*o - 4644. What is b(-6)?
6
Let n(f) = 2*f**2 + 6*f - 134. What is n(-7)?
-78
Let k(z) = 1206*z + 482129. Determine k(-400).
-271
Let x(l) = -2*l**3 - 104*l**2 - 345*l - 7222. Calculate x(-50).
28
Let y(a) = 569247*a - 3415503. Give y(6).
-21
Let k(y) = -5*y**3 + 103*y**2 + 203*y - 22. Give k(-2).
24
Let r(a) = 65*a**2 - 66*a + 391. What is r(5)?
1686
Let y(r) = -r**2 - 12*r + 2684. Give y(-56).
220
Let q(l) = 4882*l + 10950. Calculate q(-2).
1186
Let j(c) = -2229*c + 62998. Determine j(29).
-1643
Let p(h) = -4*h**3 + 189*h**2 - 24*h - 1093. What is p(47)?
-12
Let i(v) = 13*v**2 + 637*v + 270. Determine i(-42).
-3552
Let z(a) = -170359*a - 681023. Determine z(-4).
413
Let h(v) = v**3 - 257*v**2 - 801*v + 5472. Give h(260).
12
Let w(b) = -b**2 + 16*b + 21. Give w(11).
76
Let k(p) = 2*p**3 - 29*p**2 + 431*p - 8783. Calculate k(17).
-11
Let g(a) = 31587*a + 157658. What is g(-5)?
-277
Let r(b) = -b**3 + 14*b**2 + 445*b - 3936. Determine r(8).
8
Let x(l) = -138266*l - 691334. Give x(-5).
-4
Let k(d) = -4493*d - 22407. Calculate k(-5).
58
Let p(c) = c**3 + 18*c**2 + 74*c - 11. Give p(-13).
-128
Let i(o) = 31*o**2 + 2028*o + 8297. What is i(-61)?
-60
Let q(r) = -7690*r - 146117. Determine q(-19).
-7
Let l(x) = -10*x**2 + 5670*x - 22647. What is l(4)?
-127
Let w(l) = l**3 - 7*l**2 - 231*l - 92. Determine w(-12).
-56
Let p(k) = -205*k - 3842. Give p(-18).
-152
Let k(t) = -t**3 + 425*t**2 - 1653*t - 12993. Calculate k(421).
58
Let h(l) = -334354*l**2 + 20395594*l - 5. Determine h(61).
-5
Let v(k) = -18511*k + 73938. Determine v(4).
-106
Let c(x) = -53899*x + 215519. Calculate c(4).
-77
Let f(a) = 2003*a - 90130. Give f(45).
5
Let d(w) = w**3 - 70*w**2 - 177*w + 25. Calculate d(73).
3091
Let s(n) = n**3 + 107*n**2 - 10508*n - 5068. What is s(-169)?
2
Let u(s) = -714388*s + 2857556. Determine u(4).
4
Let v(o) = 969*o - 1788. What is v(3)?
1119
Let u(v) = 17*v**3 - 134*v**2 - 9*v - 20. Determine u(8).
36
Let g(n) = -3*n**2 + 6678*n + 1455606. Give g(-200).
6
Let i(f) = 7032*f - 28589. Calculate i(4).
-461
Let b(y) = 4730*y + 1154100. Give b(-244).
-20
Let h(g) = 103*g**2 - 777*g + 30. Calculate h(6).
-924
Let i(n) = -3*n**3 + 24*n**2 + 913*n - 4779. Determine i(5).
11
Let j(z) = -6547*z + 80944. Determine j(12).
2380
Let i(o) = 1802*o - 1401961. Calculate i(778).
-5
Let j(l) = -22*l**2 + 269*l - 257. Give j(13).
-478
Let m(u) = -688*u - 11870. Give m(-17).
-174
Let c(k) = 64494*k + 1805822. Calculate c(-28).
-10
Let g(c) = 20*c**2 + 774*c + 4643. What is g(-6)?
719
Let j(w) = 6*w**3 + 28*w**2 + 93*w - 565. Calculate j(4).
639
Let b(c) = -591*c + 144194. Give b(244).
-10
Let v(u) = 2*u**3 + 1804*u**2 - 10894*u - 29. What is v(6)?
-17
Let b(v) = 1876*v - 30255. Determine b(13).
-5867
Let l(r) = -r**3 + 166*r**2 + 1869*r - 284224. Calculate l(167).
10
Let g(f) = -134850*f - 539468. Give g(-4).
-68
Let b(l) = 21*l**2 - 913*l + 370. What is b(43)?
-60
Let h(z) = 710*z**3 - z**2 + 146*z - 141. Determine h(1).
714
Let o(h) = -2*h**3 + 2*h**2 - 92*h - 302. What is o(-3)?
46
Let m(n) = -16*n**3 + n**2 - 66*n + 5. What is m(0)?
5
Let i(r) = -7*r**3 + 69*r**2 + 46*r - 111. What is i(10)?
249
Let t(o) = 1069*o + 257637. Determine t(-241).
8
Let s(l) = -31*l**2 + 2470*l + 3280. Determine s(81).
-41
Let j(l) = -l**2 + 277*l + 56434. Give j(-136).
266
Let l(h) = 2*h**2 + 4456*h - 76395. Give l(17).
-65
Let x(c) = -895575*c - 5373460. Give x(-6).
-10
Let w(x) = -113*x**2 + 8615*x - 2142. Give w(76).
-90
Let z(x) = -x**2 + 10241*x + 1117676. What is z(-108)?
-16
Let d(o) = 119901*o - 359708. Calculate d(3).
-5
Let v(u) = -966*u + 53155. Determine v(55).
25
Let l(i) = -885*i**2 - 562858*i + 1254. Determine l(-636).
-18
Let j(u) = -u**2 - 1169115*u - 2338229. Calculate j(-2).
-3
Let v(a) = -a**3 + 139*a**2 - 2073*a + 26406. What is v(124)?
-6
Let h(m) = -19188*m - 307005. Determine h(-16).
3
Let m(f) = 144*f**2 - 4609*f + 42. What is m(32)?
10
Let t(n) = -406429*n + 1625714. Calculate t(4).
-2
Let v(i) = 176*i + 618. What is v(-3)?
90
Let h(i) = -1466897*i - 4400700. What is h(-3)?
-9
Let m(s) = -2009*s + 186819. Calculate m(93).
-18
Let p(r) = 2*r**2 + 266*r + 8